igit of 1167571357?
1
What is the ten millions digit of 237327761?
3
What is the ten thousands digit of 50374066?
7
What is the units digit of 40130702?
2
What is the millions digit of 56591465?
6
What is the units digit of 2605998039?
9
What is the hundred millions digit of 704161525?
7
What is the ten thousands digit of 214964727?
6
What is the thousands digit of 635824095?
4
What is the ten thousands digit of 75116663?
1
What is the millions digit of 7083481999?
3
What is the tens digit of 15599111?
1
What is the hundred millions digit of 330770527?
3
What is the units digit of 7710300?
0
What is the millions digit of 167950378?
7
What is the billions digit of 2467368633?
2
What is the units digit of 80343799?
9
What is the hundreds digit of 72086512?
5
What is the tens digit of 142206269?
6
What is the hundred millions digit of 3361863033?
3
What is the ten millions digit of 119555543?
1
What is the ten thousands digit of 94701978?
0
What is the millions digit of 47845450?
7
What is the ten millions digit of 65928114?
6
What is the units digit of 575893838?
8
What is the hundred thousands digit of 552974287?
9
What is the billions digit of 1692879788?
1
What is the thousands digit of 3736752712?
2
What is the hundred thousands digit of 3599332024?
3
What is the thousands digit of 2033749551?
9
What is the tens digit of 139727054?
5
What is the millions digit of 2272931467?
2
What is the billions digit of 1437263163?
1
What is the ten thousands digit of 6324299077?
9
What is the units digit of 65195123?
3
What is the units digit of 317892085?
5
What is the thousands digit of 191723793?
3
What is the units digit of 181863473?
3
What is the hundred thousands digit of 47990861?
9
What is the tens digit of 397293046?
4
What is the millions digit of 661798616?
1
What is the hundred millions digit of 1165222200?
1
What is the hundred millions digit of 395446183?
3
What is the tens digit of 3464154805?
0
What is the thousands digit of 91948243?
8
What is the hundreds digit of 130916356?
3
What is the hundred millions digit of 248755019?
2
What is the thousands digit of 138405730?
5
What is the units digit of 28146373?
3
What is the millions digit of 584720274?
4
What is the billions digit of 1306999138?
1
What is the hundred millions digit of 1797862306?
7
What is the hundreds digit of 546460379?
3
What is the hundreds digit of 374901674?
6
What is the ten millions digit of 147117598?
4
What is the hundred thousands digit of 10712251?
7
What is the thousands digit of 292306684?
6
What is the tens digit of 610150472?
7
What is the hundred thousands digit of 53018053?
0
What is the ten millions digit of 70428184?
7
What is the hundred thousands digit of 25722637?
7
What is the thousands digit of 284838517?
8
What is the ten millions digit of 25016557?
2
What is the millions digit of 55314209?
5
What is the thousands digit of 7673952?
3
What is the ten thousands digit of 25087484?
8
What is the hundred thousands digit of 7952588329?
5
What is the hundred thousands digit of 34404267?
4
What is the units digit of 178731017?
7
What is the units digit of 11711467?
7
What is the hundred thousands digit of 13800134?
8
What is the millions digit of 180370362?
0
What is the thousands digit of 3563420584?
0
What is the ten millions digit of 30803318?
3
What is the tens digit of 296781623?
2
What is the units digit of 57577738?
8
What is the ten millions digit of 369624355?
6
What is the billions digit of 3732552998?
3
What is the hundred thousands digit of 169085548?
0
What is the units digit of 124491102?
2
What is the millions digit of 43893072?
3
What is the hundred thousands digit of 14289365?
2
What is the units digit of 141367142?
2
What is the hundreds digit of 290233167?
1
What is the tens digit of 4288605?
0
What is the thousands digit of 162679482?
9
What is the hundred thousands digit of 6714568?
7
What is the units digit of 2096225054?
4
What is the hundred thousands digit of 50274206?
2
What is the units digit of 18407543?
3
What is the millions digit of 102316732?
2
What is the tens digit of 46260674?
7
What is the ten millions digit of 1121134814?
2
What is the tens digit of 179601197?
9
What is the millions digit of 765565716?
5
What is the thousands digit of 16159957?
9
What is the ten millions digit of 1279989547?
7
What is the thousands digit of 100881438?
1
What is the hundreds digit of 566196315?
3
What is the hundreds digit of 1474280333?
3
What is the ten millions digit of 20052670?
2
What is the ten thousands digit of 4187728252?
2
What is the ten millions digit of 42970394?
4
What is the millions digit of 63429478?
3
What is the thousands digit of 74453083?
3
What is the millions digit of 189062718?
9
What is the millions digit of 7479201?
7
What is the ten thousands digit of 80513331?
1
What is the ten millions digit of 121215723?
2
What is the ten millions digit of 427399311?
2
What is the billions digit of 2120532095?
2
What is the hundred thousands digit of 167954999?
9
What is the ten millions digit of 163465688?
6
What is the ten millions digit of 486068097?
8
What is the ten millions digit of 78305922?
7
What is the hundreds digit of 163599888?
8
What is the hundreds digit of 6397774763?
7
What is the ten millions digit of 3837261113?
3
What is the ten thousands digit of 62791050?
9
What is the hundred thousands digit of 2601255283?
2
What is the hundred thousands digit of 1817952327?
9
What is the ten millions digit of 51839997?
5
What is the hundred thousands digit of 1292241782?
2
What is the hundreds digit of 1550723879?
8
What is the ten millions digit of 148996677?
4
What is the ten millions digit of 44751963?
4
What is the thousands digit of 90492415?
2
What is the ten thousands digit of 338724567?
2
What is the hundreds digit of 538351839?
8
What is the thousands digit of 17843210?
3
What is the hundred thousands digit of 1524930374?
9
What is the thousands digit of 25099177?
9
What is the ten thousands digit of 3475087632?
8
What is the hundred thousands digit of 183337546?
3
What is the thousands digit of 114351751?
1
What is the ten millions digit of 86355841?
8
What is the hundred millions digit of 305919381?
3
What is the hundred thousands digit of 2937924?
9
What is the thousands digit of 82575720?
5
What is the thousands digit of 343806016?
6
What is the hundreds digit of 153253906?
9
What is the units digit of 1042745816?
6
What is the thousands digit of 435361028?
1
What is the units digit of 9142881?
1
What is the ten thousands digit of 20097404?
9
What is the hundred millions digit of 195182035?
1
What is the ten thousands digit of 39579129?
7
What is the hundred thousands digit of 176165665?
1
What is the thousands digit of 122414799?
4
What is the hundreds digit of 10061076?
0
What is the ten thousands digit of 33559616?
5
What is the ten millions digit of 855607119?
5
What is the units digit of 14717468?
8
What is the ten millions digit of 357881500?
5
What is the millions digit of 594860537?
4
What is the tens digit of 41124458?
5
What is the ten millions digit of 39409971?
3
What is the units digit of 2827157382?
2
What is the hundreds digit of 1004927745?
7
What is the ten millions digit of 919332725?
1
What is the ten millions digit of 134473908?
3
What is the ten millions digit of 193581387?
9
What is the units digit of 5990994?
4
What is the ten thousands digit of 78334591?
3
What is the hundred millions digit of 1596516417?
5
What is the hundreds digit of 254957546?
5
What is the hundred thousands digit of 326194736?
1
What is the hundred thousands digit of 7356126?
3
What is the millions digit of 310204839?
0
What is the hundred millions digit of 148683079?
1
What is the units digit of 26094060?
0
What is the hundred thousands digit of 1383374866?
3
What is the billions digit of 1048787595?
1
What is the hundred thousands digit of 64887770?
8
What is the tens digit of 282889502?
0
What is the millions digit of 1551903374?
1
What is the ten millions digit of 437948826?
3
What is the units digit of 1923523676?
6
What is the millions digit of 7059224004?
9
What is the hundreds digit of 127799191?
1
What is the tens digit of 8186686?
8
What is the hundred millions digit of 1194917082?
1
What is th